
What is the units digit of 79900?
0
What is the hundreds digit of 684187?
1
What is the hundreds digit of 1305432?
4
What is the ten thousands digit of 3059154?
5
What is the ten millions digit of 12373277?
1
What is the tens digit of 8453163?
6
What is the hundreds digit of 83694?
6
What is the tens digit of 679163?
6
What is the hundred thousands digit of 7851423?
8
What is the ten thousands digit of 118954?
1
What is the units digit of 2535149?
9
What is the ten thousands digit of 258536?
5
What is the units digit of 44557326?
6
What is the hundreds digit of 2024806?
8
What is the ten thousands digit of 697704?
9
What is the units digit of 25595350?
0
What is the ten thousands digit of 262878?
6
What is the ten thousands digit of 105652?
0
What is the units digit of 2567779?
9
What is the hundreds digit of 98146?
1
What is the hundreds digit of 28060?
0
What is the units digit of 16197?
7
What is the tens digit of 4375783?
8
What is the millions digit of 8235282?
8
What is the millions digit of 8323228?
8
What is the ten millions digit of 10241444?
1
What is the hundreds digit of 44753?
7
What is the thousands digit of 7521830?
1
What is the ten thousands digit of 1048118?
4
What is the ten thousands digit of 948037?
4
What is the ten thousands digit of 1016231?
1
What is the hundred thousands digit of 360713?
3
What is the ten thousands digit of 1238964?
3
What is the ten thousands digit of 34723140?
2
What is the thousands digit of 1881742?
1
What is the hundred thousands digit of 15656910?
6
What is the hundred thousands digit of 7275686?
2
What is the tens digit of 1415485?
8
What is the ten thousands digit of 72718?
7
What is the tens digit of 1071058?
5
What is the hundred thousands digit of 5140828?
1
What is the hundred thousands digit of 5137611?
1
What is the tens digit of 736584?
8
What is the hundreds digit of 398330?
3
What is the hundred thousands digit of 155882?
1
What is the ten thousands digit of 114585?
1
What is the ten thousands digit of 420898?
2
What is the units digit of 4266081?
1
What is the hundreds digit of 1727312?
3
What is the tens digit of 347680?
8
What is the ten thousands digit of 2607915?
0
What is the units digit of 3114694?
4
What is the hundreds digit of 1106956?
9
What is the tens digit of 288155?
5
What is the hundred thousands digit of 3179113?
1
What is the millions digit of 28963893?
8
What is the ten thousands digit of 1954732?
5
What is the hundred thousands digit of 301254?
3
What is the tens digit of 852811?
1
What is the units digit of 1367730?
0
What is the ten millions digit of 16677578?
1
What is the tens digit of 8971803?
0
What is the hundreds digit of 617162?
1
What is the units digit of 1562124?
4
What is the millions digit of 1080298?
1
What is the units digit of 13204?
4
What is the thousands digit of 40034?
0
What is the hundred thousands digit of 13188577?
1
What is the tens digit of 12761942?
4
What is the ten thousands digit of 84636?
8
What is the ten thousands digit of 1786368?
8
What is the tens digit of 4720770?
7
What is the millions digit of 1936433?
1
What is the tens digit of 5080740?
4
What is the millions digit of 2555802?
2
What is the ten thousands digit of 12442397?
4
What is the hundreds digit of 123086?
0
What is the millions digit of 8977796?
8
What is the ten millions digit of 27426940?
2
What is the hundred thousands digit of 482803?
4
What is the units digit of 1232260?
0
What is the thousands digit of 152858?
2
What is the thousands digit of 8418446?
8
What is the units digit of 4634368?
8
What is the ten thousands digit of 126426?
2
What is the ten thousands digit of 420087?
2
What is the tens digit of 1173501?
0
What is the hundreds digit of 4491307?
3
What is the tens digit of 1670232?
3
What is the units digit of 316789?
9
What is the units digit of 519065?
5
What is the hundreds digit of 613202?
2
What is the units digit of 11882559?
9
What is the units digit of 16333074?
4
What is the units digit of 984880?
0
What is the ten thousands digit of 258701?
5
What is the thousands digit of 67682?
7
What is the ten thousands digit of 271973?
7
What is the tens digit of 172687?
8
What is the units digit of 17913518?
8
What is the units digit of 217015?
5
What is the hundreds digit of 41600?
6
What is the hundred thousands digit of 4208502?
2
What is the tens digit of 240113?
1
What is the ten thousands digit of 1119933?
1
What is the tens digit of 436074?
7
What is the ten thousands digit of 140490?
4
What is the millions digit of 3639278?
3
What is the thousands digit of 1958288?
8
What is the ten millions digit of 24901119?
2
What is the thousands digit of 2106638?
6
What is the hundred thousands digit of 112840?
1
What is the ten thousands digit of 109759?
0
What is the tens digit of 19058461?
6
What is the ten thousands digit of 774406?
7
What is the tens digit of 946473?
7
What is the ten thousands digit of 2988597?
8
What is the hundred thousands digit of 587422?
5
What is the ten thousands digit of 11890848?
9
What is the millions digit of 3587368?
3
What is the thousands digit of 3676092?
6
What is the ten thousands digit of 1075716?
7
What is the hundred thousands digit of 923735?
9
What is the ten thousands digit of 2972044?
7
What is the ten thousands digit of 14615210?
1
What is the millions digit of 4559701?
4
What is the ten thousands digit of 115692?
1
What is the hundred thousands digit of 7697287?
6
What is the hundreds digit of 184607?
6
What is the hundreds digit of 933858?
8
What is the tens digit of 179357?
5
What is the hundred thousands digit of 1355895?
3
What is the tens digit of 3154912?
1
What is the hundred thousands digit of 270618?
2
What is the hundreds digit of 6192281?
2
What is the units digit of 10976?
6
What is the units digit of 198594?
4
What is the hundred thousands digit of 1510128?
5
What is the hundreds digit of 1558498?
4
What is the millions digit of 5904243?
5
What is the units digit of 16587250?
0
What is the tens digit of 33082130?
3
What is the tens digit of 493721?
2
What is the thousands digit of 216151?
6
What is the tens digit of 833944?
4
What is the hundreds digit of 11906562?
5
What is the ten thousands digit of 352996?
5
What is the hundred thousands digit of 335821?
3
What is the tens digit of 352308?
0
What is the thousands digit of 412995?
2
What is the units digit of 2196978?
8
What is the units digit of 1197609?
9
What is the ten thousands digit of 3048743?
4
What is the tens digit of 515875?
7
What is the millions digit of 27818550?
7
What is the tens digit of 726096?
9
What is the units digit of 868789?
9
What is the millions digit of 14118561?
4
What is the hundred thousands digit of 764050?
7
What is the hundreds digit of 101905?
9
What is the hundred thousands digit of 619392?
6
What is the ten thousands digit of 452920?
5
What is the tens digit of 230677?
7
What is the units digit of 206912?
2
What is the hundred thousands digit of 365676?
3
What is the thousands digit of 434160?
4
What is the hundred thousands digit of 280395?
2
What is the thousands digit of 2513121?
3
What is the thousands digit of 8719632?
9
What is the ten thousands digit of 865949?
6
What is the thousands digit of 2291557?
1
What is the ten millions digit of 24304993?
2
What is the hundreds digit of 620161?
1
What is the hundred thousands digit of 8119493?
1
What is the tens digit of 182631?
3
What is the hundred thousands digit of 9318774?
3
What is the units digit of 1612965?
5
What is the ten thousands digit of 17048790?
4
What is the ten thousands digit of 7285918?
8
What is the hundreds digit of 10820479?
4
What is the thousands digit of 3151849?
1
What is the hundreds digit of 619006?
0
What is the thousands digit of 159370?
9
What is the thousands digit of 1123020?
3
What is the hundred thousands digit of 6931275?
9
What is the hundreds digit of 644430?
4
What is the millions digit of 20745764?
0
What is the hundreds digit of 1723651?
6
What is the ten thousands digit of 17242?
1
What is the ten thousands digit of 79302?
7
What is the millions digit of 32010592?
2
What is the units digit of 536148?
8
What is the tens digit of 1137252?
5
What is the units digit of 98701?
1
What is the ten thousands digit of 2670